mon factor of 22032 and 12020496.
816
Calculate the greatest common factor of 1234721390 and 476.
238
Calculate the greatest common divisor of 3021627 and 1596.
399
What is the greatest common divisor of 99445021 and 52?
13
Calculate the greatest common divisor of 7168770 and 378.
378
What is the highest common factor of 1227 and 2723940?
1227
What is the greatest common factor of 896175 and 1275?
75
Calculate the highest common factor of 2166 and 55455072.
114
What is the greatest common factor of 1512 and 46659984?
168
What is the highest common factor of 2838496 and 11128?
856
Calculate the highest common factor of 1309 and 12971714.
119
Calculate the highest common divisor of 160127364 and 19.
19
What is the highest common divisor of 4161 and 17305599?
4161
What is the greatest common factor of 29614614 and 18?
6
What is the greatest common factor of 1344 and 142272?
192
What is the highest common divisor of 27604 and 910108?
412
Calculate the highest common divisor of 398126 and 7201.
19
What is the highest common factor of 25 and 19407175?
25
What is the greatest common factor of 27 and 19557081?
9
Calculate the greatest common factor of 32620 and 561530.
2330
What is the greatest common divisor of 27 and 4845699?
9
Calculate the greatest common divisor of 1 and 11485093.
1
What is the greatest common divisor of 132365 and 88090?
115
Calculate the highest common factor of 73132594 and 1978.
1978
Calculate the highest common factor of 146004 and 199555728.
6348
Calculate the highest common divisor of 35795363 and 1923.
641
Calculate the greatest common divisor of 1318156 and 19988.
1052
What is the highest common divisor of 66291114 and 342?
114
What is the highest common factor of 5692050 and 70350?
1050
Calculate the highest common factor of 974808 and 21.
3
What is the greatest common divisor of 141 and 287701053?
141
What is the greatest common factor of 567264330 and 15?
15
Calculate the highest common factor of 7529397 and 2298.
1149
Calculate the highest common factor of 32963 and 118045212.
4709
Calculate the greatest common divisor of 760 and 5981754040.
760
What is the highest common factor of 1198915 and 5?
5
Calculate the greatest common factor of 1076840 and 24.
8
Calculate the greatest common factor of 108299811 and 498.
249
Calculate the highest common factor of 5090806 and 399791.
2009
Calculate the highest common factor of 9554464 and 434848.
4064
Calculate the greatest common divisor of 3196 and 24869674.
1598
Calculate the highest common divisor of 10635 and 1107280750.
3545
Calculate the highest common divisor of 4670 and 20810.
10
Calculate the greatest common divisor of 5410035 and 135.
45
Calculate the greatest common divisor of 95508 and 51996.
84
Calculate the greatest common divisor of 128312 and 9288.
344
What is the highest common factor of 212 and 194895416?
212
What is the greatest common divisor of 14756634 and 18?
18
What is the greatest common factor of 6152 and 5169987?
769
What is the greatest common factor of 6828374 and 70?
14
What is the highest common factor of 772680032 and 1472?
736
What is the highest common divisor of 22891476 and 4140?
12
Calculate the highest common divisor of 66 and 22152339.
33
What is the greatest common divisor of 2034 and 4063771314?
2034
Calculate the greatest common divisor of 16 and 1185656.
8
What is the highest common factor of 465 and 575122695?
465
Calculate the highest common factor of 84344 and 27632392.
6488
What is the highest common divisor of 6377352 and 7005?
1401
What is the greatest common factor of 522802 and 6298054?
4886
Calculate the greatest common divisor of 3411468 and 6.
6
Calculate the greatest common factor of 38 and 68357934.
38
Calculate the greatest common factor of 1205784 and 87120.
72
What is the greatest common divisor of 516270 and 1410?
30
Calculate the greatest common factor of 225 and 2033487.
9
What is the greatest common divisor of 443 and 32933063?
443
What is the greatest common factor of 133832 and 64?
8
What is the highest common divisor of 214305 and 4448595?
2355
What is the highest common divisor of 24484 and 38884?
4
What is the highest common factor of 38180 and 276460?
460
Calculate the highest common factor of 48359 and 26973.
37
Calculate the highest common factor of 615 and 35247085.
205
Calculate the highest common factor of 211424191 and 209.
209
Calculate the greatest common divisor of 33 and 28964067.
33
Calculate the highest common divisor of 7084 and 8392412.
28
Calculate the highest common divisor of 1375 and 11967875.
125
What is the highest common divisor of 1340191 and 591?
197
What is the greatest common factor of 285726 and 8400?
42
What is the highest common factor of 3425 and 40252381?
137
Calculate the highest common divisor of 982581 and 167883.
321
Calculate the greatest common factor of 740307205 and 275.
55
Calculate the highest common divisor of 907943531 and 5797.
5797
What is the highest common factor of 90 and 63595170?
90
Calculate the highest common divisor of 2565829 and 1834.
7
Calculate the highest common factor of 755645863 and 118.
59
Calculate the highest common divisor of 501 and 201953935.
167
What is the highest common factor of 31890425 and 17150?
8575
Calculate the highest common divisor of 6 and 1791915.
3
Calculate the greatest common factor of 1518 and 732182.
506
Calculate the highest common divisor of 83325 and 723867.
303
Calculate the highest common factor of 159032 and 105472.
824
Calculate the highest common divisor of 12458886 and 1452.
726
What is the greatest common divisor of 4298865 and 60?
15
Calculate the highest common factor of 59 and 5995993.
59
Calculate the highest common factor of 24084977 and 49.
7
Calculate the greatest common divisor of 2167 and 4071005.
197
What is the highest common divisor of 36846799 and 213?
71
Calculate the highest common divisor of 2970048 and 30720.
192
What is the highest common factor of 6386425 and 625?
25
Calculate the greatest common factor of 4712 and 3123752.
152
Calculate the highest common divisor of 559783 and 200872.
1477
Calculate the greatest common factor of 1973079 and 405.
81
Calculate the highest common divisor of 6359132 and 2.
2
What is the greatest common factor of 532 and 25024?
4
Calculate the greatest common factor of 13604 and 15732.
76
Calculate the greatest common factor of 471178 and 437.
23
Calculate the highest common divisor of 30 and 13822155.
15
What is the greatest common factor of 57730157 and 8141?
1163
What is the greatest common divisor of 48148666 and 388?
194
What is the greatest common factor of 11490 and 22966595?
1915
What is the greatest common factor of 12805860 and 1060?
1060
What is the greatest common factor of 19028 and 12831304?
268
Calculate the greatest common factor of 26 and 134710641.
13
What is the greatest common divisor of 126182 and 549793?
9013
Calculate the highest common divisor of 992 and 9485248.
32
What is the highest common factor of 16298556 and 10?
2
What is the highest common divisor of 7105 and 75415165?
245
What is the highest common divisor of 8395 and 911405?
365
What is the highest common divisor of 73774035 and 54270?
3015
What is the highest common divisor of 118416011 and 7?
7
Calculate the highest common factor of 1251617 and 4471.
263
What is the highest common factor of 13956894 and 630?
126
What is the highest common divisor of 26287 and 3083921?
97
Calculate the highest common factor of 1365634 and 126822.
1838
Calculate the highest common divisor of 109303073 and 33.
11
What is the greatest common factor of 442365 and 372680?
385
Calculate the greatest common divisor of 201178 and 2669.
17
What is the highest common divisor of 1071364 and 1148?
28
Calculate the highest common factor of 92 and 1851207716.
92
What is the greatest common divisor of 19594406 and 4?
2
What is the highest common divisor of 24 and 21218388?
12
What is the greatest common divisor of 430947 and 576?
9
What is the greatest common divisor of 7420 and 1094821?
371
What is the greatest common factor of 3072156 and 294?
6
What is the highest common factor of 20986465 and 615?
205
What is the greatest common factor of 26555 and 1288765?
565
What is the greatest common factor of 84969